divided by 2?
0
Let t = 248 - 244. Suppose 3*x + 12 = 0, i = t*x - 7*x + 37. Calculate the remainder when 151 is divided by i.
4
Suppose -37 + 1 = 9*m. Let b(u) = 5*u**2 + 14*u + 11. Calculate the remainder when 90 is divided by b(m).
20
Let i = 1 - -6. Suppose -2*h + 3*h = 4. Suppose -q + 2*u = -4, 2*u + 16 = h*q - 0*u. What is the remainder when i is divided by q?
3
Suppose -4*c + j + 17 = 1, -c + 4*j = 11. Suppose 3*g = -5*b + 106, -c*g - 2*b - 45 = -228. Calculate the remainder when 91 is divided by g.
17
Suppose -4*a + 384 = 2*o, -105 = -5*a + 4*o + 349. Suppose 6*f + 456 = 25*f. What is the remainder when a is divided by f?
22
Suppose 4*c - 3*o = -5 + 18, -c + 4*o + 13 = 0. Calculate the remainder when 9 + -14 - (c - 211) is divided by 13.
10
Let v(u) = -3*u**2 - 8*u + 32. Let w be v(8). Let z = w - -230. Suppose 0 = 4*m + 4*n - 24, 2*n + 7 = 3. Calculate the remainder when m is divided by z.
2
Let h = 2779 + -2669. What is the remainder when h is divided by 106?
4
Let n = -628 + 972. Calculate the remainder when n is divided by 54.
20
Let u = 15134 - 15086. What is the remainder when 1085 is divided by u?
29
Let o be ((-6)/(-4))/(6/(-256)). Let b be 168/(-105)*1/(2/(-115)). Let q = b + o. What is the remainder when q is divided by 12?
4
Let z be (-6)/(-9) - (-200)/6. Suppose -z + 394 = 5*h - 2*m, h = 4*m + 54. Calculate the remainder when h is divided by 26.
22
Suppose -4*h = 0, 3*z + 11*h = 6*h - 258. What is the remainder when 119 is divided by z*(-2)/8*2?
33
Suppose 226*c + 5 = 221*c, 3*i + 3*c - 60 = 0. What is the remainder when 289 is divided by i?
16
Suppose 74*z + 719 - 5736 - 1865 = 0. Calculate the remainder when 718 is divided by z.
67
Suppose 5*d - 26*d + 10841 = -18391. What is the remainder when 2791 is divided by d?
7
Let c be 1160/6 + -1 + 6/9. Let j = c - 183. Calculate the remainder when 87 is divided by j.
7
Suppose 0 = -4*c - 3*y + 96, 2676*c - 120 = 2671*c + 2*y. Suppose -82 = -0*a - 2*a. Calculate the remainder when a is divided by c.
17
Let l = -6 - -28. Let a = 5641 + -5579. What is the remainder when a is divided by l?
18
Suppose -309 = -5*m - 4*k + 2*k, m + 4*k - 51 = 0. Suppose 18*d + 30 = 127 + 101. What is the remainder when m is divided by d?
8
What is the remainder when 136 is divided by 6 + ((-18)/(-24))/((-1)/(-4))?
1
Let y(u) = -u**3 + 17*u**2 - 7*u - 19. Let v be y(16). Suppose v = 15*c - 295. Let t = 26 + -11. What is the remainder when c is divided by t?
13
What is the remainder when (-8 - 44/(-2))/((-4)/(-14)) is divided by 22?
5
Suppose 4*l = -0*l - 3*s + 11, -2*l = s - 5. Suppose w = d - 399, l*d - 289 - 529 = -3*w. What is the remainder when d is divided by 51?
46
What is the remainder when 4362 is divided by -9*(4 + 192/(-27))?
22
Let r(m) = m**2 + 15*m + 89. Calculate the remainder when r(11) is divided by 104.
63
Let n(r) = 3*r**2 + 2*r - 5. Let a be n(3). Suppose -a*c + 26*c = -42. Calculate the remainder when ((-18)/(-10))/(-2*(-1)/110) is divided by c.
15
Let z = 5 - 1. Suppose 3*f = 19 - z. Calculate the remainder when 44 is divided by f.
4
Let f = -1784 - -2479. Calculate the remainder when f is divided by 103.
77
Let p = 13443 - 6446. Calculate the remainder when p is divided by 3491.
15
Suppose -25 - 11 = -12*z. What is the remainder when 238 is divided by (30 - -6) + (4 - 3) + z?
38
Suppose 5*r = 15*r - 20. Suppose -5*o + 293 = a, 45 = -3*o + r*a + 226. Let c = -49 + 69. Calculate the remainder when o is divided by c.
19
Let w = -4016 - -4023. Calculate the remainder when 2617 is divided by w.
6
Suppose 0 = -h - 2*h + 4*d - 11, 0 = -3*h + d + 4. Calculate the remainder when 1/h - (-4088)/84 is divided by 13.
10
Let d = 3739 + -3387. What is the remainder when d is divided by (-2)/(-16)*6 - 1124/(-16)?
68
Suppose 59*l + 7126 = 17699 + 13086. Calculate the remainder when l is divided by 18.
5
Let s = 5405 - 5310. What is the remainder when s is divided by 69?
26
Suppose -b = -3 - 73. Suppose 10 = 5*k, -5*n + 59*k + 6831 = 62*k. Calculate the remainder when n is divided by b.
73
Calculate the remainder when 1883 is divided by (-4 + 3)/((-4)/116).
27
Let m = -875 + 909. Calculate the remainder when 35 is divided by m.
1
Let d = -7 + 10. Let h(o) = 39*o + 153. Let k be h(-4). What is the remainder when 114/(-27)*9/6*k is divided by d?
1
Suppose -8 = o + 3*o. Let t be (-22)/33*93/o. Suppose -25*x = -t*x + 216. Calculate the remainder when x is divided by 21.
15
Let k = 87 + -87. Suppose 48*s - 55*s + 315 = k. What is the remainder when 126 is divided by s?
36
Let r(b) = b**3 - 17*b**2 - 25*b + 55. Let t(o) = -o + 4. Calculate the remainder when r(19) is divided by t(-12).
14
Suppose 5*b - 5 = -5*t, 4*t = 5*b + 14 + 26. Suppose 83 + 97 = t*n. Calculate the remainder when n is divided by 16.
4
Let n = -2514 - -2703. Calculate the remainder when 621 is divided by n.
54
Let b(p) = -p + 16. Let v be b(0). Suppose -2*m + 3*m - 147 = 2*g, 4*g = -v. Calculate the remainder when m is divided by 35.
34
Let k(o) = 69*o**2 + 267*o + 11. Calculate the remainder when k(-4) is divided by 40.
7
Suppose -5*f = 3*w - 4076, -1189 = -3*f + 2*w + 1268. What is the remainder when f is divided by 405?
7
Suppose -23*v = -28*v - 2785. Let w = -477 - v. What is the remainder when w is divided by 46?
34
Let z(q) = -39*q + 17. Let r = 64 - 76. Let o be z(r). Suppose 2*c = 5*v - o, c + 391 = -4*v + 8*v. What is the remainder when v is divided by 20?
19
Let w(m) = 13*m + 45. Let g be 6 - 6*(0 + -1). What is the remainder when w(g) is divided by 52?
45
Suppose -4*v + 7148 = -4*h, -3*h + 1807 = v - 0*h. Suppose -16*z = -0*z - v. What is the remainder when z is divided by 28?
0
Suppose -1334*n - 249 = -1336*n - 3*y, 3*n = 5*y + 326. Calculate the remainder when 807 is divided by n.
105
Let p = -107 + 172. Suppose -2 = a, -a - 76 = -4*c + a. What is the remainder when p is divided by ((1*68)/(-2))/(c/(-9))?
14
Suppose -8*m + 2204 = 3*d - 7*m, 0 = -4*d - 5*m + 2935. Suppose -17*u + 22*u = d. Calculate the remainder when u is divided by 50.
47
Suppose -4091*m = -4141*m + 4250. What is the remainder when 165 is divided by m?
80
Suppose 36*k + 191520 = 324*k. Calculate the remainder when k is divided by 74.
73
Let h(x) = 7*x**3 + 8*x**2 - 12*x - 6. What is the remainder when 2253 is divided by h(2)?
49
Let y = 5620 + -5449. Calculate the remainder when 1123 is divided by y.
97
Let n(t) = 2*t**2 + 11*t - 1. Suppose -2*r = 2*j - 6, 2*j + 3*r = -3*j + 11. What is the remainder when n(-8) is divided by (-767)/(-39) + (j - (-3)/9)?
18
Suppose 0 = 2*c - 4, -4*f = 3*c - 19 + 1. Suppose 0 = 4*w - 8, 0*w + 224 = 2*o - f*w. What is the remainder when o is divided by 20?
15
Suppose 403 + 2117 = 56*w. What is the remainder when 171 is divided by w?
36
Let i(v) = 2*v**2 - 7*v + 4. Let q(k) = -k**3 - 3*k**2 - 7*k + 10. Let f be q(10). Calculate the remainder when f/(-36) - 2/(-9) is divided by i(4).
6
Let w = -12836 + 12958. Let f = 3 - 1. Suppose f*v - 33 = 17. What is the remainder when w is divided by v?
22
Let h(x) = -60*x**2 - 3*x - 1. Let o be h(-1). Suppose -3*l - 3*b = 7 + 110, -3*b + 98 = -2*l. Let n = l - o. Calculate the remainder when 56 is divided by n.
11
Suppose 3*g = -5*z + 242, 21*z - 19*z = -2*g + 156. What is the remainder when g is divided by 71?
3
Let w(b) = -b**2 + 31*b - 168. Let d be w(24). Suppose -56 = -4*l - 2*k, 0 = 4*l - k - d*k - 62. What is the remainder when 584 is divided by l?
14
What is the remainder when (0 + -1)*(-113 + 68)*(-54)/(-15) is divided by 43?
33
Suppose 15*h + 87 = 18*h - 4*c, 2*h + 3*c = 24. Calculate the remainder when 2326 is divided by h.
16
Let f = 123 - 75. Let b(v) = -2*v**3 + 24*v**2 - 98*v + 918. What is the remainder when b(11) is divided by f?
34
Suppose 835*z - 870*z = -20335. What is the remainder when z is divided by 86?
65
Let l = 429 - 424. Suppose 5*f - 5*k = 9*f - 38, -f = -l*k - 22. Calculate the remainder when -2 + 2 + (0 - -40) is divided by f.
4
Let x(i) = -i**3 - i**2 + 4*i + 6. Suppose 41*n = 46*n + 15. Let a be x(n). Suppose 3*j - a = 9. What is the remainder when 26 is divided by j?
5
Let m(b) be the third derivative of 17*b**4/3 + b**3/6 + 4*b**2. Suppose 6*r = -542 + 710. What is the remainder when m(1) is divided by r?
25
Let k = 17169 + -17139. Calculate the re